+ -18.
4
-4 + 6 - (22 + -19) - 10
-11
Evaluate -3 - 0 - (-11 + 2 - (7 + -4)).
9
Evaluate 18 + (-1 + -3 - (-159 - -148)) + -3.
22
1 + 20 + -1403 + 1375
-7
What is the value of 17 + 19 + -15 - 6?
15
15 - 8 - (18 - 21)
10
4 - (1 + 5 + 0) - 4
-6
What is the value of 3 + -10 + 1 + -9 + (-37 - -41)?
-11
Evaluate 222 + -227 + (-4 - -2 - -21).
14
-13 + 4 + 3 + -26 - -6
-26
What is the value of -2 + 8 + -16 + 15 + -17?
-12
Evaluate (-5 + -1 + 8 - 9) + (-2 - 26).
-35
What is the value of (-10 + (-6 - -23) - 15) + 40?
32
30 - 0 - (-16 - (-17 + -8))
21
What is 2 + 1 - (19 + -35 + 12)?
7
Calculate 7 + 0 + 0 + (3 - 4) + 6.
12
-1 + -11 - (-9 - (3 + -2))
-2
What is the value of 8 + (13 - 21) + -2 + (13 - 1)?
10
-11 + 22 + -23 + -1 + 31
18
What is the value of -10 - 2 - (-11 - (11 - -12))?
22
What is the value of (2 - 1) + (-9 - ((-7 - 4) + 4))?
-1
Evaluate 0 + (3 - 2) + (-258 - -238).
-19
What is the value of -16 - (-1 + -24) - (30 - -1)?
-22
What is -10 + 0 + 16 + -14 + 23?
15
Calculate 28 - 46 - (4 - 19).
-3
What is -26 + (0 - (10 - 17))?
-19
20 - 19 - -16 - 0
17
Calculate 8 + (-8 - (-4 - (-10 + 9)) - 4).
-1
What is the value of -2 - (7 + -6 + (-3 - -5 - 3))?
-2
What is (4 - 9 - (17 - 14)) + 0?
-8
Calculate -36 - (-38 - -51) - (-17 - 1).
-31
Calculate -3 + 8 + (0 - -9) + (-29 - -22).
7
Evaluate 3 + -9 + 10 + (2 - (0 + 0)).
6
456 - 439 - (-6 + 2)
21
Calculate (-30 - (2 - 1)) + (17162 - 17162).
-31
Calculate (-9 - 1) + (22 - (-8 + 18) - 28).
-26
Calculate -3 - (-2 - (-3 - 0)) - (-124 - -135).
-15
-2 - ((-12 - -3) + 8) - (1 - 5)
3
What is the value of (-20 - -3) + (-2 - -11) - 1?
-9
Calculate -8 - (-6 + 5 + 9) - -7 - 5.
-14
Calculate 12 + -19 + 25 + (6 - 14).
10
Calculate 0 - (6 - (-6 + 20) - -21).
-13
Evaluate 6 + 2 - (1 + -9 + -124 + 132).
8
-21 - ((-7 + -2 - -6) + -5)
-13
-2 - 18 - (-211 + 199)
-8
-12 + (18 - 24) - -26
8
Evaluate -8 + 4 - 9 - (2 - 10).
-5
What is (44 - 45) + (1 - (2 + 0 + -3))?
1
-7 + (-41 - (-111 + 38))
25
Evaluate 5 - ((1 + 0 - 5) + -1 + 0).
10
What is the value of 6 - (-8 + -9 - -36) - 0?
-13
What is (-17 - -10) + (5 - -1)?
-1
1 - 27 - (2 + (11 - 18)) - -7
-14
6 + -15 + 5 + (-1 - -28)
23
What is the value of 13 + 1 - (25 - (23 + -1))?
11
What is -2 + (8 - (4 + -3)) + -3 + -1?
1
(10 - -14 - 12) + (0 - 5) - 1
6
Evaluate 21 + 1 + -7 - (185 + -158).
-12
What is the value of 21 + -1 + -8 + -4 - 8?
0
-6 - (-3 + -11 + (-23 - -28))
3
What is the value of -99 - -110 - (-4 + 3 + -2 + 2)?
12
-13 - 16 - (-45 + 11)
5
Calculate 113 - 84 - (0 - -21) - (0 + 19).
-11
Evaluate 4 + (-7 - -10) + 3 - (32 + -6).
-16
12 + (1 - 12) - (-2 + 3)
0
What is 0 + 0 - (0 + (-1 - -12) + -17)?
6
Calculate -5 + 8 + 0 + -1 - 3.
-1
What is -14 - (0 + 0) - (1 + -10)?
-5
Evaluate (91 - 88) + (0 - 7).
-4
What is the value of (28 + -27 - (0 + 3)) + (-17 - -5)?
-14
Evaluate -4 + -26 - -25 - (24 + (1 - -4)).
-34
(29 + 3 - 33) + -23
-24
Evaluate 8 + (-20 - (-1 - (2 + 5 + -6))).
-10
-13 + 2 + (-72 - -89) - (0 - 3)
9
What is the value of (18 - 11) + (-33 - (-8 + 10))?
-28
Evaluate 6 + -15 + (-2 - (-5 + 6)).
-12
What is (-5 - 0) + -5 - (-23 + (-7 - -9))?
11
Evaluate 7 + (-4 - 25 - (5 + 0 - 11)).
-16
9 + -42 - (-10 - (-12 - -10))
-25
Evaluate 1 + -1 - 4 - (25 - (-1 - -12)).
-18
What is 17 + 3 + (-10 - 10)?
0
Evaluate 12 - (-13 + 2 + 28).
-5
What is (-36 - -22) + (-2 - 1)?
-17
-5 + (-6 + -4 + 4 - (-115 - -90))
14
Calculate -12 - ((3 - (-2 - -4)) + -3).
-10
What is the value of (31 - 1) + -63 + 47?
14
Evaluate -5 + 7 + 0 + -3 + -8 + 23.
14
Evaluate (31 - 57) + 34 - (4 - (-2 + 1)).
3
What is (27 - 14) + -37 + 9?
-15
0 + (-14 - (14 + -27)) - 1
-2
-7 - (-7 + 13) - -49 - 13
23
What is the value of 25 - (11 - 10 - -12) - -9?
21
Evaluate -5 - (-6 + -4 + 15 + -5) - 3.
-8
What is -1 - 0 - (3 - -3 - 25 - -1)?
17
What is 7 + -10 + -4 + 0 + 9?
2
(1 + -2 + -2 - 3) + -77 + 70
-13
Evaluate -3 - -5 - (-4 + -1) - (-14 - -17).
4
What is the value of 4 + (-46 - -10) + 14?
-18
What is -29 - -26 - (1 + (-18 - (-3 + 3)))?
14
What is the value of -10 - (6 + (-9 - 1) + 0)?
-6
12 + 0 + (-30 - -15)
-3
What is -6 - (-8 + -2 + 12 + -8 + 0)?
0
Calculate 9 + -7 + 2 + -3 + 0 - -13.
14
Evaluate 371 - 407 - (-3 - 4).
-29
Evaluate 11 - -3 - 24 - -11.
1
1 + 0 - (20 - 9 - 12 - -5)
-3
What is the value of 24 - (2 + 15 + (-27 - 7))?
41
Evaluate 14 - (-8 - (-22 + 12)).
12
Evaluate -69 - (-19 + -23 - -10).
-37
What is the value of 28 + -67 + 26 - 6?
-19
Evaluate -8 + (-8 - (9 + -7 - -2)).
-20
(9 - (16 + -8) - 3) + -9
-11
Calculate (2 + 29 - (-53 + 58)) + -10.
16
What is -7 - 5 - (-4 + 1) - (-21 - -11)?
1
Calculate (20 - 18) + (6 - (34 + 1)).
-27
What is -2 + 3 + (42 - 10) + (-5 - 0)?
28
What is 9 - 40 - (-35 - 5)?
9
Evaluate 24 + (20 - 68) - -12.
-12
What is -4 + 3 + -2 + 2 + 13 + -8?
4
What is 17 - 15 - (-11 + -6 - (4 - 5))?
18
Evaluate (17 - 14 - -4 - (-2 - 1)) + 8.
18
Calculate -10 + (35 + (-12 - (10 + -13)) - -4).
20
What is (-6 - 0 - (4 - -1)) + 33?
22
What is (-103 - (-7 + -25)) + 39?
-32
-5 - (-4 + 14 + (-45 - -11))
19
Evaluate (15 - (5 - (1 + -6))) + (-4 - -1).
2
What is 9 + (-41 + 65 - (9 + 1)) + -3?
20
What is the value of (0 - -5) + (6 - 13) + -11?
-13
Calculate 518 + -509 - (-1 - -4).
6
-14 + (-2 - -10) + 23 - 0
17
What is (-40 - -12) + (39 - -8)?
19
(17 - 8 - -7) + -14
2
Evaluate 0 - 14 - (-243 - -242).
-13
What is the value of (-5 + 4 - 0) + 2 + -5 + 1?
-3
What is -13 + 0 - (-273 + 269)?
-9
-21 + -2 + 2 + 32 + 1 + -24
-12
2 - ((5 - (7 - -1)) + (5 - 0))
0
Evaluate -17 - (-24 + 22 + -22).
7
What is -7 + -5 + 5 + 8 + -7?
-6
Evaluate 0 + -4 - (0 + 7 - (-62 + 89)).
16
(22 - 8) + -29 - -18
3
Calculate -17 + 19 + -5 + 22.
19
Evaluate -16 + (-17 - (-10 - -7)) - -13.
-17
What is the value of (-19 - -1) + (-11 - -22)?
-7
Calculate 28 + -18 - (-6 - 7).
23
Evaluate (12 - (-2 + 1 - -7)) + -16.
-10
9 + -1 - (217 - 203)
-6
What is 19 + (-6 - 5) + 2?
10
Calculate (-17 - -38) + -13 + -17.
-9
What is the value of (21 - 30) + (-2 - (14 + 4)) + 10?
-19
-6 + (-3 - (8 + -3 + -14))
0
Calculate (-7 - -3) + -3 - (-1 + 4 + 0).
-10
What is 10 - (2 + 10) - -7?
5
What is 9 - (-2 + (7 - (5 - 5)) + -4)?
8
Calculate (5 - -11) + -28 + 30 + 0.
18
(-87 + 55 - -36) + (-2 - -2) + -7
-3
14 - 17 - (7 + -2) - -8
0
What is the value of -2 + 20 - (-10 + 33)?
-5
8 + 1 + (26 + -54 - -8)
-11
Calculate -25 + 22 + (-1 - -3).
-1
What is (-6 - (-2 + -20)) + -7?
9
What is the value of 4 + -17 + 8 + -1 + (-1 - -19)?
12
27 + 2 - (33 + 13 + -40)
23
Evaluate 14 - (45 - 11 - 4).
-16
-1 - (-25 - -23) - (7 - (2 + 0))
-4
What is (-22 + 5 - 10) + -6?
-33
What is the value of 42 + -30 + (-3 - (-9 + 1))?
17
What is the value of 13 + -16 + (5 + 18 - 13)?
7
What is the value of 8 + (2 + -6 + -5 - -3)?
2
What is the value of -27 - (2 + -15 + 8 + 4 + 2)?
-28
5 + (-7 - 8) + 0
-10
What is the value of 6 + 12 + -16 - 2?
0
Evaluate -20 - (-1 + -1 + 3 + -11).
-10
66 + 8 - 35 - (2 + 13)
24
What is the value of (-13 - -14) + 4 - 7 - 1?
-3
Evaluate -6 - (-5 - (31 - 8)).
22
Evaluate (-1 - -1) + 16 + (-20 - 2 - -14).
8
What is the value of -1 + -20 - -17 - 11?
-15
What is the value of -9 - (-15 + 36 + -4)?
-26
14 - (40 + -37 - (-39 + -2))
-30
What is 11 - (22 + 12 + (-8 - 5))?
-10
What is the value of -8 + (-2 + 9 - 27)?
-28
What is the value of (54 - 24) + -27 + (-2 - 17)?
-16
What is -5 + 3 + 3 + (-2 - 5) + -2?
-8
What is -8 - -2 - (64 + -46)?
-24
What is 0 + -5 + 9 + (-5 - -7)?
6
Calculate 1 + 13 + -5 + -18.
-9
What is the value of 7 - (13 + -27 + 1) - -18?
38
Calculate 4 + -24 - (260 + -307).
27
Evaluate 48 + 12 + 13 + -37.
36
Evaluate (-13 - (-14 + 0)) + -1 + 1 + 5.
6
Evaluate 4 + 13 - 12 - (0 - 1) - -9.
15
Calculate -11 - (6 - -6 - 19).
-4
Calculate -13 - ((1 - -13) + -125 + 116).
-18
Evaluate 5 - (-7 - 21) - 17.
16
Calculate -16 - (-17 + 22 + -6).
-15
-6 + (3 - (9 - 22)) - 12
-2
What is 6 - (15 + (-19 - -10) - (-5 - -5))?
0
What is (3 - (12 + 8 + 3)) + 0?
-20
What is 40 - (0 + (-22 - -45))?
17
Calculate 10 + -37 + 7 - -11 - 6.
-15
What is 6 - (11 - (15 - -6) - -13)?
3
Evaluate -2 + -3 + (-12 - 28 - -27).
-18
Calculate -2 - (-1 + (3 - (2 - -1 - -3))).
2
What is the value of (15 - 23 - 10) + (8 - 0)?
-10
Evaluate -41 + 0 - (-713 - -678).
-6
What is -18 - (-26 - -2 - (51 - 31))?
26
What is (23 - 10) + -10 + -12?
-9
6 - ((-2 - 1) + -3 + -3 + 5)
10
Evaluate 4 + (-14 + 10 - 11) 